 0?
8
Let u(s) = 3*s + 2. Let c be u(8). Let a = -10 + c. Suppose 0 = -2*h + 22 + a. What is the units digit of h?
9
Suppose -h - 473 = 12*n - 15*n, 0 = 2*n + 4*h - 292. What is the units digit of n?
6
Let r = 516 - 364. Let c = 302 - r. What is the hundreds digit of c?
1
Let o = -21 + 29. Let a = 59 - 33. Let j = o + a. What is the units digit of j?
4
Let l(x) = -4*x + 45. Let k(z) = -2*z + 22. Let s(u) = 7*k(u) - 3*l(u). Let d be s(8). Suppose 18 = d*h - 132. What is the units digit of h?
0
What is the units digit of 505 + -1 + -3 + -2 + 9?
8
Suppose 12*w + 3756 = -3660. What is the units digit of w/(-4)*28/21?
6
What is the units digit of 11/((-44)/(-12096)) + 1?
5
Let b(r) = 53*r + 2 + 1 - 50*r. What is the units digit of b(2)?
9
What is the tens digit of (-70)/(-6)*(-96)/(-40)?
2
Let t = -331 + 485. Suppose t + 126 = 4*j. What is the tens digit of j?
7
Suppose -33*q + 11044 + 9449 = 0. What is the hundreds digit of q?
6
Let l(h) = -2*h**3 + 3*h**2 - 4. Let t be l(2). What is the units digit of 4/t - 149/(-2)?
4
Suppose 11*j = 13*j + 90. Suppose -4*n - n + 5 = 0, 333 = 5*g + 3*n. Let p = j + g. What is the tens digit of p?
2
Let a be 3/(0 + (-6)/20). Let v(z) = -z**3 - 8*z**2 + 15*z + 14. What is the tens digit of v(a)?
6
Let d = -2 - -7. Let f(t) = -2 + 7*t - d + 5. What is the tens digit of f(4)?
2
Let p = 15 - 12. Let z be (-6 - 0)/(6/(-8)). Suppose 0 = -5*q - 5*t + 20, 3*q = p*t - 2*t + z. What is the units digit of q?
3
Let p(s) = 64*s**2 - 23*s + 256. What is the tens digit of p(8)?
6
Suppose g + 670 = q, -1347 = -2*q - 0*g - 5*g. What is the tens digit of q?
7
Suppose 0 = -4*w - 4*y + 3616, 3*w - 8*w + y + 4496 = 0. What is the hundreds digit of w?
9
Let p(i) = -i**2 - 7*i - 8. Let j be p(-6). What is the units digit of ((160/12)/5)/(j/(-48))?
4
Suppose -3*k + 2*x + 6 = 3, -3*x = -k - 6. Suppose -3*t - 2*y - 2*y + 61 = 0, -52 = -k*t + 5*y. What is the tens digit of t?
1
Let b(c) = 8*c**2 + 18*c + 41. What is the units digit of b(-10)?
1
Let w(v) = 2*v**2 - 11*v - 6. Let s be (1/2)/((-9)/(-180)). What is the units digit of w(s)?
4
Suppose 0 = -3*w - 2*w. Suppose w*b + 5*v = -4*b, -b - 2*v = 0. Suppose 0 = -j + 5, -5*o - 7*j + 3*j + 305 = b. What is the tens digit of o?
5
Suppose 24*s - 812 = 12124. What is the tens digit of s?
3
Let b be ((-63)/(-18))/(1/2). Suppose -1 = -2*u + u, u = 4*x - b. Suppose -3*w + 21 = -x*w. What is the units digit of w?
1
Suppose 0 = -g + 5*k + 37, -4*g - k + 123 = 4*k. Suppose -g = 8*h - 4*h. What is the tens digit of 123/5 + h/(-20)?
2
Let b = 3 + 292. What is the hundreds digit of b?
2
Let z(t) = -3*t - 3 + 4*t + 3*t - 2*t. What is the tens digit of z(8)?
1
Let v(t) = 2 - 2*t + 1 - 28*t. Let b be v(6). What is the units digit of b/(-12) - 4/(-16)?
5
Let y(t) = 30*t**2 + 8*t - 1. What is the units digit of y(5)?
9
Let w = -43 + 45. Let d = -7 + 11. Suppose -4*x + 130 = 5*n, -d*x - w = 2*n - 3*n. What is the tens digit of n?
2
Suppose 3*n = -5*p + 7*n + 76, n + 4 = 0. Suppose -4*g + 5*h + 372 = 0, 0*h + p = -3*h. What is the tens digit of g?
8
Let c = -61 + 40. Suppose -3*p + 4*g = -107, 4*p = -p + 2*g + 155. Let n = c + p. What is the units digit of n?
8
Let j be (58/(-10))/(1/(-5)) + -1. Suppose 0 = -3*h - j + 160. What is the units digit of h?
4
Suppose -2*t - 12 + 2 = 0. Let v = -4 - t. What is the units digit of v?
1
Suppose -3*q + 2*t = -2*t + 12, 2*t = 5*q + 20. Let b be -6*(-4)/8 - q. Let j(o) = -o**3 + 6*o**2 + 9*o. What is the tens digit of j(b)?
1
Let r be (-6 - -1)*(-4 - 2). Suppose -5*j - f + 28 = 2*f, -r = -5*j - 5*f. Suppose 8 = 4*b, -4*b = i + j - 18. What is the units digit of i?
5
Let z be (1 - -8)*(-147)/9*1. Let r = 324 + z. What is the hundreds digit of r?
1
Suppose 5*l + 3*q + 6 = 4*l, 18 = -5*l - 3*q. What is the tens digit of l*2*(-25)/2?
7
Suppose -24*t - 17071 + 51271 = 0. What is the hundreds digit of t?
4
Let x = 6825 + -3366. What is the units digit of x?
9
Suppose 4*q - 2079 = 2649. What is the hundreds digit of q?
1
Let p(t) = t**2 + 18*t + 8. Let k be p(-17). Let s = k + 41. What is the tens digit of s?
3
Let p be -2*(-4)/(2 - 0). Suppose p = 2*i + 2*i - 4*u, -2*u = i - 13. Suppose 4*z - x - 52 + 12 = 0, -2*z + 42 = i*x. What is the units digit of z?
1
Suppose -7*y + 8 = -5*y. Suppose -2*s - t = -y*t - 60, t + 124 = 5*s. What is the tens digit of s?
2
Let n = -54 - -57. Suppose 8*q - n*q = -3*s + 348, 4*s + 4*q - 472 = 0. What is the tens digit of s?
2
Suppose -6*n = -3*n - 2*p - 1650, p = -n + 545. Let m = n - 361. What is the hundreds digit of m?
1
Suppose 5*w - x = 109, -2*x = w - 3*w + 42. What is the units digit of w?
2
Let i(h) = h**3 + 15*h**2 - 8*h - 3. Let l be i(-16). Let q = l - -281. What is the units digit of q?
0
Let b = 1438 - 911. What is the hundreds digit of b?
5
Suppose -117*b + 152*b = 24780. What is the tens digit of b?
0
Suppose 7*j - 2*j + 4*a = 17, 4*j = -4*a + 16. What is the hundreds digit of -206*(8/(-4) + j)?
2
Let k(h) = -72*h + 104. What is the thousands digit of k(-17)?
1
Let t(z) = -17*z - 9. Let c be t(-7). Suppose -p = 4*p - c. Suppose -g + p = -14. What is the units digit of g?
6
Suppose -3*j + 1635 = -6*j - b, 2*b - 2180 = 4*j. Let k = -278 - j. What is the tens digit of k?
6
Suppose 3*f = 2*x + 1588, -f - 6*x + 522 = -3*x. What is the units digit of f?
8
What is the hundreds digit of 12/((-24)/(-14320)*10)?
7
Let b = 18 + 361. Suppose -2*t + b = 47. What is the tens digit of t?
6
Let p = 15 - 7. Suppose -p*t - 118 = -10*t. What is the tens digit of t?
5
Let l be ((-29)/(-9) - 3) + (-1060)/(-9). Let y = -53 + l. What is the units digit of y?
5
Suppose 6 = 2*z + 2. Suppose n - 53 = -z*y + 2*n, 5*y - 3*n - 131 = 0. What is the units digit of y?
8
Let m = -39 + 38. What is the units digit of (m - -5) + 6 + -8?
2
What is the hundreds digit of 8 + (3119 - 1) - -9?
1
Let n = 170 + -49. What is the units digit of n?
1
Let b(x) = 41*x + 52. Let p(i) = -43*i - 53. Let q(h) = -3*b(h) - 2*p(h). What is the tens digit of q(-10)?
2
Let x(k) = -k**2 - 13*k - 7. Let s be (-316)/26 + (-2)/(-13). Let b be x(s). Suppose n = 2*y + 79, b*n + 4*y - 313 = 12. What is the tens digit of n?
6
Suppose -4*p = -3*p - 2. Suppose 5*b + 2*w + 62 = 0, -2*b + p*w = -0*b + 36. Let d = 23 + b. What is the units digit of d?
9
What is the thousands digit of (-52732)/(-28) + (-45)/35?
1
Let h(y) = -y + 7. Let t be h(13). Let p = t - -15. What is the units digit of p?
9
What is the tens digit of ((-20)/(-40))/(1/862)?
3
Suppose 0 = -2*k + 2*d + 7476, 4*k = 57*d - 61*d + 14992. What is the units digit of k?
3
Let q be 5/2*(-228)/(-95). Let f(i) = i + 9. Let o be f(0). Suppose -w + o = -q. What is the tens digit of w?
1
Suppose -3*x = 4*u - 2443, -4037 = -5*x + 3*u - u. What is the tens digit of x?
0
Let h(b) = 380*b - 605. What is the hundreds digit of h(10)?
1
Suppose -1309 = -2*n + 5*f, 9*f - 4*f + 25 = 0. What is the hundreds digit of n?
6
Let g(u) be the third derivative of -u**6/120 + u**5/20 - u**4/8 - 7*u**2. Let x be g(2). What is the units digit of (-464)/(-56) + x/7?
8
Let v = -6 - -15. Suppose 0 = 4*b - v*b. Let j(o) = -o**3 + o**2 - o + 35. What is the units digit of j(b)?
5
Let o = 413 - 202. What is the tens digit of o?
1
Let x = -169 + 55. Let g = 366 + -202. Let h = x + g. What is the tens digit of h?
5
Let v(p) = 9*p**2 + 22*p - 54. What is the units digit of v(-11)?
3
Let s = 3212 + -1892. What is the thousands digit of s?
1
Let q = -27 + 31. Suppose 24 + 254 = 5*f - q*z, 0 = -f - 3*z + 67. What is the units digit of f?
8
Suppose 0 = 5*d + 2*z - 13658, 4*z + 8174 = -7*d + 10*d. What is the tens digit of d?
3
Suppose h = 725 - 218. What is the hundreds digit of h?
5
Let k(b) = -28*b - 1. Let v(i) = -4*i + 4. Let p be v(3). Let f = p - -7. What is the units digit of k(f)?
7
Suppose -30066 = -60*t + 75414. What is the thousands digit of t?
1
Let o(t) be the second derivative of -t**5/20 - 13*t**4/12 + 13*t**3/6 - 11*t**2/2 - 5*t. Let j be o(-14). What is the units digit of j/(-12) - 100/(-16)?
6
Let s = 1490 + 216. What is the units digit of s?
6
Let h be (-826)/4 - (-2)/4. Let a = 46 - h. Suppose g + m - 116 = -g, 4*g = 3*m + a. What is the units digit of g?
0
Suppose 1340 = 2*d + 4*u, 2018 = 3*d - 0*u + 4*u. What is the units digit of d?
8
Let i(d) = -3*d